 divide 38425077?
False
Is 7 a factor of 114470098?
False
Is 49228944 a multiple of 18?
False
Is 6 a factor of 2272349?
False
Is 404 a factor of 45021659?
False
Is 6844 a factor of 67666628?
True
Is 18 a factor of 1838068203?
False
Is 18 a factor of 51301962?
True
Does 24 divide 35821802?
False
Does 371 divide 359951936?
False
Is 475324250 a multiple of 4250?
True
Does 7 divide 177830345?
True
Is 197 a factor of 16140070?
False
Does 448 divide 12376448?
True
Is 448790708 a multiple of 142?
False
Is 4 a factor of 537589356?
True
Does 6529 divide 14806948?
False
Does 86 divide 3719781386?
False
Is 93564000 a multiple of 15?
True
Is 2089866494 a multiple of 59?
True
Is 355320645 a multiple of 346?
False
Does 34 divide 38927688?
True
Is 187200726 a multiple of 183?
False
Is 42312794 a multiple of 118?
True
Is 301 a factor of 3492119?
False
Is 17244472 a multiple of 296?
False
Is 115 a factor of 458472390?
False
Is 22383780 a multiple of 5?
True
Is 6794 a factor of 613449087?
False
Is 23244592 a multiple of 11?
False
Is 193 a factor of 94315330?
False
Is 40350206 a multiple of 21?
False
Does 136 divide 2375135960?
True
Is 369 a factor of 7311366?
True
Is 4100474 a multiple of 14?
True
Is 50771035 a multiple of 2?
False
Is 560108775 a multiple of 25?
True
Is 21 a factor of 190869231?
True
Does 24 divide 56594712?
True
Is 54764082 a multiple of 6?
True
Does 56 divide 9360181?
False
Does 5706 divide 2955143106?
True
Is 60396376 a multiple of 692?
True
Is 94348177 a multiple of 49?
True
Is 22212292 a multiple of 6?
False
Does 69 divide 211634888?
False
Is 166 a factor of 84077?
False
Is 1644390695 a multiple of 81?
False
Is 136 a factor of 60331776?
True
Is 451 a factor of 84819317?
False
Is 341160016 a multiple of 593?
True
Is 86 a factor of 18229506?
True
Is 134809628 a multiple of 761?
True
Is 36629644 a multiple of 99?
False
Does 15 divide 84480960?
True
Is 87 a factor of 34812733?
False
Does 5761 divide 914619163?
False
Is 1013740 a multiple of 52?
True
Is 345142072 a multiple of 22?
True
Is 54930330 a multiple of 210?
True
Does 863 divide 53001145?
True
Is 78 a factor of 273986154?
True
Is 41 a factor of 38002026?
False
Is 84 a factor of 21958440?
True
Does 5 divide 27267068?
False
Does 350 divide 875368200?
True
Is 525 a factor of 44250425?
False
Does 34 divide 4267107?
False
Does 53 divide 1690813890?
False
Is 2398709 a multiple of 5702?
False
Does 67 divide 2779494437?
False
Is 2627 a factor of 549802203?
True
Is 3877 a factor of 1300261338?
False
Does 263 divide 53234247?
False
Does 346 divide 398861525?
False
Is 2806 a factor of 417423366?
True
Is 10011211 a multiple of 57?
False
Is 3933846 a multiple of 20?
False
Is 91628303 a multiple of 12?
False
Does 305 divide 49375622?
False
Does 10 divide 151470340?
True
Is 8728537 a multiple of 401?
False
Does 207 divide 47621309?
False
Does 11 divide 13945448?
True
Does 59 divide 39422856?
True
Does 43 divide 848519?
True
Is 31775040 a multiple of 36?
True
Does 779 divide 121631502?
True
Does 464 divide 118658783?
False
Is 752 a factor of 66890110?
False
Does 40 divide 94011620?
False
Does 3 divide 3273514?
False
Is 20459145 a multiple of 1897?
True
Is 3 a factor of 99124251?
True
Does 259 divide 59715040?
True
Does 562 divide 14379317?
False
Does 18 divide 807442704?
True
Does 396 divide 90302256?
True
Does 115 divide 12961880?
True
Does 2313 divide 424279768?
False
Does 144 divide 270397822?
False
Does 510 divide 325185690?
True
Does 8 divide 8069975?
False
Is 39 a factor of 688477360?
False
Is 19 a factor of 241287590?
False
Is 4 a factor of 29837233?
False
Does 4880 divide 803131786?
False
Does 13 divide 894911086?
False
Is 9303288 a multiple of 878?
True
Is 10 a factor of 121385554?
False
Is 83351112 a multiple of 16540?
False
Is 500 a factor of 50762500?
True
Is 11402084 a multiple of 2135?
False
Is 2256 a factor of 70682736?
True
Does 1605 divide 12730860?
True
Is 225287712 a multiple of 19?
True
Is 117 a factor of 16136910?
False
Does 461 divide 289862970?
True
Does 3 divide 1556364089?
False
Does 480 divide 715006806?
False
Is 19 a factor of 2550597193?
False
Does 209 divide 43598612?
False
Is 253 a factor of 5896418?
True
Is 80 a factor of 153176182?
False
Does 2996 divide 18452364?
True
Is 129944932 a multiple of 806?
True
Is 327645258 a multiple of 106?
True
Does 226 divide 7480826?
True
Is 675349570 a multiple of 2239?
True
Does 15 divide 12853665?
True
Is 38 a factor of 799060238?
True
Is 564 a factor of 1738248?
True
Is 640 a factor of 3055378560?
True
Does 23 divide 118616561?
False
Does 30 divide 760248?
False
Does 2276 divide 445868400?
True
Is 367 a factor of 74256258?
False
Is 149784864 a multiple of 12?
True
Does 477 divide 49793573?
False
Does 8 divide 71359597?
False
Is 31058922 a multiple of 2?
True
Is 66 a factor of 110503470?
True
Is 18 a factor of 16921711?
False
Is 610 a factor of 40149590?
True
Is 54283347 a multiple of 1184?
False
Is 254769136 a multiple of 16?
True
Is 2489 a factor of 374359259?
False
Does 2723 divide 901343625?
False
Does 11 divide 70739900?
True
Is 25 a factor of 4614295898?
False
Is 288283872 a multiple of 48?
True
Does 66 divide 15459312?
True
Is 14 a factor of 669361180?
False
Is 80 a factor of 321060560?
True
Is 145659493 a multiple of 402?
False
Is 67228612 a multiple of 418?
True
Is 5154912 a multiple of 16?
True
Does 41 divide 525363627?
True
Is 6 a factor of 102476526?
True
Does 46 divide 37363838?
False
Is 20205765 a multiple of 831?
True
Is 3711232544 a multiple of 116?
True
Is 2240751560 a multiple of 75?
False
Is 303330440 a multiple of 335?
True
Is 16340555 a multiple of 647?
False
Is 454 a factor of 1235398922?
True
Does 104 divide 315086824?
True
Is 8 a factor of 80025952?
True
Is 1060 a factor of 146777552?
False
Is 179850959 a multiple of 43?
False
Is 45 a factor of 676536390?
True
Is 15 a factor of 2242020?
True
Is 479457283 a multiple of 1991?
False
Is 49036037 a multiple of 300?
False
Is 155224020 a multiple of 35?
True
Does 161 divide 4439611386?
True
Is 139024280 a multiple of 485?
True
Does 6206 divide 174748945?
False
Is 467339178 a multiple of 5429?
True
Does 29 divide 8411033?
False
Is 23491424 a multiple of 32?
True
Is 16 a factor of 598102643?
False
Is 311871791 a multiple of 1615?
False
Does 587 divide 113618546?
True
Is 1644 a factor of 42425064?
True
Does 47 divide 170377096?
False
Does 3352 divide 639303496?
True
Is 3405791 a multiple of 588?
False
Does 27 divide 99626234?
False
Is 15 a factor of 23565342?
False
Is 27467172 a multiple of 612?
True
Is 24068007 a multiple of 91?
False
Does 96 divide 39066240?
True
Is 2505 a factor of 30831540?
True
Is 95497 a multiple of 7?
False
Does 2440 divide 1999628800?
True
Is 751347086 a multiple of 12?
False
Is 276856209 a multiple of 541?
True
Does 444 divide 30960877?
False
Is 15 a factor of 2225213625?
True
Does 2709 divide 87497773?
False
Does 1083 divide 2919693964?
False
Is 1488 a factor of 20699084?
False
Is 1153 a factor of 722326828?
True
Is 18 a factor of 48185406?
True
Does 3839 divide 395955406?
False
Is 11787653 a multiple of 81?
False
Is 893884852 a multiple of 39?
False
Is 952223700 a multiple of 10?
True
Is 48383064 a multiple of 279?
True
Is 1648 a factor of 52277856?
True
Is 1331 a factor of 26375096?
True
Is 26 a factor of 559318903?
False
Is 41 a factor of 176389325?
False
Does 5 divide 27562385?
True
Is 52 a factor of 1767729895?
False
Is 31 a factor of 111252025?
True
Is 5 a factor of 378532460?
True
Is 3509931642 a multiple of 49?
True
Is 506352600 a multiple of 54?
True
Is 1202 a factor of 296800283?
False
Is 449 a factor of 619078506?
True
Is 1595583720 a multiple of 18?
True
Is 49 a factor of 104869653?
True
Does 624 divide 13577016?
False
Is 358 a factor of 35012400?
True
Is 672353315 a multiple of 112?
False
Does 352 divide 1038828384?
True
Does 522 divide 456475707?
False
Is 993987035 a multiple of 29?
True
Is 5 a factor of 618649478?
False
Does 680 divide 1378360?
True
Is 14 a factor of 721665868?
True
Does 81 divide 196880685?
False
Is 57061074 a multiple of 2345?
False
Is 289265473 a multiple of 167?
False
Is 52777455 a multiple of 63?
False
Is 81995354 a multiple of 18?
False
Is 27252672 a multiple of 5?
False
Is 55626092 a multiple of 1412?
